{"id":102,"date":"2019-11-18T22:12:41","date_gmt":"2019-11-18T21:12:41","guid":{"rendered":"http:\/\/http:\/\/www.photoclubvelizy.fr\/test\/?page_id=102"},"modified":"2020-03-12T16:18:49","modified_gmt":"2020-03-12T15:18:49","slug":"contact","status":"publish","type":"page","link":"https:\/\/www.photoclubvelizy.fr\/pcvv\/contact\/","title":{"rendered":"Contact"},"content":{"rendered":"\n\n<div class=\"wpcf7 no-js\" id=\"wpcf7-f1038-o1\" lang=\"fr-FR\" dir=\"ltr\" data-wpcf7-id=\"1038\">\n<div class=\"screen-reader-response\"><p role=\"status\" aria-live=\"polite\" aria-atomic=\"true\"><\/p> <ul><\/ul><\/div>\n<form action=\"\/pcvv\/wp-json\/wp\/v2\/pages\/102#wpcf7-f1038-o1\" method=\"post\" class=\"wpcf7-form init\" aria-label=\"Formulaire de contact\" novalidate=\"novalidate\" data-status=\"init\">\n<fieldset class=\"hidden-fields-container\"><input type=\"hidden\" name=\"_wpcf7\" value=\"1038\" \/><input type=\"hidden\" name=\"_wpcf7_version\" value=\"6.1.5\" \/><input type=\"hidden\" name=\"_wpcf7_locale\" value=\"fr_FR\" \/><input type=\"hidden\" name=\"_wpcf7_unit_tag\" value=\"wpcf7-f1038-o1\" \/><input type=\"hidden\" name=\"_wpcf7_container_post\" value=\"0\" \/><input type=\"hidden\" name=\"_wpcf7_posted_data_hash\" value=\"\" \/><input type=\"hidden\" name=\"_wpcf7_recaptcha_response\" value=\"\" \/>\n<\/fieldset>\n<p><label> Votre nom (obligatoire)<br \/>\n<span class=\"wpcf7-form-control-wrap\" data-name=\"your-name\"><input size=\"40\" maxlength=\"400\" class=\"wpcf7-form-control wpcf7-text wpcf7-validates-as-required\" aria-required=\"true\" aria-invalid=\"false\" value=\"\" type=\"text\" name=\"your-name\" \/><\/span> <\/label>\n<\/p>\n<p><label> Votre adresse de messagerie (obligatoire)<br \/>\n<span class=\"wpcf7-form-control-wrap\" data-name=\"your-email\"><input size=\"40\" maxlength=\"400\" class=\"wpcf7-form-control wpcf7-email wpcf7-validates-as-required wpcf7-text wpcf7-validates-as-email\" aria-required=\"true\" aria-invalid=\"false\" value=\"\" type=\"email\" name=\"your-email\" \/><\/span> <\/label>\n<\/p>\n<p><label> Objet<br \/>\n<span class=\"wpcf7-form-control-wrap\" data-name=\"your-subject\"><input size=\"40\" maxlength=\"400\" class=\"wpcf7-form-control wpcf7-text\" aria-invalid=\"false\" value=\"\" type=\"text\" name=\"your-subject\" \/><\/span> <\/label>\n<\/p>\n<p><label> Votre message<br \/>\n<span class=\"wpcf7-form-control-wrap\" data-name=\"your-message\"><textarea cols=\"40\" rows=\"10\" maxlength=\"2000\" class=\"wpcf7-form-control wpcf7-textarea\" aria-invalid=\"false\" name=\"your-message\"><\/textarea><\/span> <\/label>\n<\/p>\n<p><span class=\"wpcf7-form-control-wrap\" data-name=\"acceptance-662\"><span class=\"wpcf7-form-control wpcf7-acceptance\"><span class=\"wpcf7-list-item\"><label><input type=\"checkbox\" name=\"acceptance-662\" value=\"1\" aria-invalid=\"false\" \/><span class=\"wpcf7-list-item-label\">J'autorise le Photoclub de V\u00e9lizy \u00e0 enregistrer mes donn\u00e9es<\/span><\/label><\/span><\/span><\/span>\n<\/p>\n<p><input class=\"wpcf7-form-control wpcf7-submit has-spinner\" type=\"submit\" value=\"Envoyer\" \/>\n<\/p><div class=\"wpcf7-response-output\" aria-hidden=\"true\"><\/div>\n<\/form>\n<\/div>\n\n","protected":false},"excerpt":{"rendered":"","protected":false},"author":1,"featured_media":0,"parent":0,"menu_order":0,"comment_status":"closed","ping_status":"closed","template":"page-templates\/page_fullwidth.php","meta":{"footnotes":""},"class_list":["post-102","page","type-page","status-publish","hentry"],"yoast_head":"<!-- This site is optimized with the Yoast SEO plugin v27.3 - https:\/\/yoast.com\/product\/yoast-seo-wordpress\/ -->\n<title>Contact - PHOTOCLUB DE VELIZY-VILLACOUBLAY<\/title>\n<meta name=\"robots\" content=\"index, follow, max-snippet:-1, max-image-preview:large, max-video-preview:-1\" \/>\n<link rel=\"canonical\" href=\"https:\/\/www.photoclubvelizy.fr\/pcvv\/contact\/\" \/>\n<meta property=\"og:locale\" content=\"fr_FR\" \/>\n<meta property=\"og:type\" content=\"article\" \/>\n<meta property=\"og:title\" content=\"Contact - PHOTOCLUB DE VELIZY-VILLACOUBLAY\" \/>\n<meta property=\"og:url\" content=\"https:\/\/www.photoclubvelizy.fr\/pcvv\/contact\/\" \/>\n<meta property=\"og:site_name\" content=\"PHOTOCLUB DE VELIZY-VILLACOUBLAY\" \/>\n<meta property=\"article:modified_time\" content=\"2020-03-12T15:18:49+00:00\" \/>\n<meta name=\"twitter:card\" content=\"summary_large_image\" \/>\n<script type=\"application\/ld+json\" class=\"yoast-schema-graph\">{\"@context\":\"https:\\\/\\\/schema.org\",\"@graph\":[{\"@type\":\"WebPage\",\"@id\":\"https:\\\/\\\/www.photoclubvelizy.fr\\\/pcvv\\\/contact\\\/\",\"url\":\"https:\\\/\\\/www.photoclubvelizy.fr\\\/pcvv\\\/contact\\\/\",\"name\":\"Contact - PHOTOCLUB DE VELIZY-VILLACOUBLAY\",\"isPartOf\":{\"@id\":\"http:\\\/\\\/www.photoclubvelizy.fr\\\/pcvv\\\/#website\"},\"datePublished\":\"2019-11-18T21:12:41+00:00\",\"dateModified\":\"2020-03-12T15:18:49+00:00\",\"breadcrumb\":{\"@id\":\"https:\\\/\\\/www.photoclubvelizy.fr\\\/pcvv\\\/contact\\\/#breadcrumb\"},\"inLanguage\":\"fr-FR\",\"potentialAction\":[{\"@type\":\"ReadAction\",\"target\":[\"https:\\\/\\\/www.photoclubvelizy.fr\\\/pcvv\\\/contact\\\/\"]}]},{\"@type\":\"BreadcrumbList\",\"@id\":\"https:\\\/\\\/www.photoclubvelizy.fr\\\/pcvv\\\/contact\\\/#breadcrumb\",\"itemListElement\":[{\"@type\":\"ListItem\",\"position\":1,\"name\":\"Accueil\",\"item\":\"http:\\\/\\\/www.photoclubvelizy.fr\\\/pcvv\\\/\"},{\"@type\":\"ListItem\",\"position\":2,\"name\":\"Contact\"}]},{\"@type\":\"WebSite\",\"@id\":\"http:\\\/\\\/www.photoclubvelizy.fr\\\/pcvv\\\/#website\",\"url\":\"http:\\\/\\\/www.photoclubvelizy.fr\\\/pcvv\\\/\",\"name\":\"PHOTOCLUB DE VELIZY-VILLACOUBLAY\",\"description\":\"Notre passion, l&#039;image !\",\"potentialAction\":[{\"@type\":\"SearchAction\",\"target\":{\"@type\":\"EntryPoint\",\"urlTemplate\":\"http:\\\/\\\/www.photoclubvelizy.fr\\\/pcvv\\\/?s={search_term_string}\"},\"query-input\":{\"@type\":\"PropertyValueSpecification\",\"valueRequired\":true,\"valueName\":\"search_term_string\"}}],\"inLanguage\":\"fr-FR\"}]}<\/script>\n<!-- \/ Yoast SEO plugin. -->","yoast_head_json":{"title":"Contact - PHOTOCLUB DE VELIZY-VILLACOUBLAY","robots":{"index":"index","follow":"follow","max-snippet":"max-snippet:-1","max-image-preview":"max-image-preview:large","max-video-preview":"max-video-preview:-1"},"canonical":"https:\/\/www.photoclubvelizy.fr\/pcvv\/contact\/","og_locale":"fr_FR","og_type":"article","og_title":"Contact - PHOTOCLUB DE VELIZY-VILLACOUBLAY","og_url":"https:\/\/www.photoclubvelizy.fr\/pcvv\/contact\/","og_site_name":"PHOTOCLUB DE VELIZY-VILLACOUBLAY","article_modified_time":"2020-03-12T15:18:49+00:00","twitter_card":"summary_large_image","schema":{"@context":"https:\/\/schema.org","@graph":[{"@type":"WebPage","@id":"https:\/\/www.photoclubvelizy.fr\/pcvv\/contact\/","url":"https:\/\/www.photoclubvelizy.fr\/pcvv\/contact\/","name":"Contact - PHOTOCLUB DE VELIZY-VILLACOUBLAY","isPartOf":{"@id":"http:\/\/www.photoclubvelizy.fr\/pcvv\/#website"},"datePublished":"2019-11-18T21:12:41+00:00","dateModified":"2020-03-12T15:18:49+00:00","breadcrumb":{"@id":"https:\/\/www.photoclubvelizy.fr\/pcvv\/contact\/#breadcrumb"},"inLanguage":"fr-FR","potentialAction":[{"@type":"ReadAction","target":["https:\/\/www.photoclubvelizy.fr\/pcvv\/contact\/"]}]},{"@type":"BreadcrumbList","@id":"https:\/\/www.photoclubvelizy.fr\/pcvv\/contact\/#breadcrumb","itemListElement":[{"@type":"ListItem","position":1,"name":"Accueil","item":"http:\/\/www.photoclubvelizy.fr\/pcvv\/"},{"@type":"ListItem","position":2,"name":"Contact"}]},{"@type":"WebSite","@id":"http:\/\/www.photoclubvelizy.fr\/pcvv\/#website","url":"http:\/\/www.photoclubvelizy.fr\/pcvv\/","name":"PHOTOCLUB DE VELIZY-VILLACOUBLAY","description":"Notre passion, l&#039;image !","potentialAction":[{"@type":"SearchAction","target":{"@type":"EntryPoint","urlTemplate":"http:\/\/www.photoclubvelizy.fr\/pcvv\/?s={search_term_string}"},"query-input":{"@type":"PropertyValueSpecification","valueRequired":true,"valueName":"search_term_string"}}],"inLanguage":"fr-FR"}]}},"_links":{"self":[{"href":"https:\/\/www.photoclubvelizy.fr\/pcvv\/wp-json\/wp\/v2\/pages\/102","targetHints":{"allow":["GET"]}}],"collection":[{"href":"https:\/\/www.photoclubvelizy.fr\/pcvv\/wp-json\/wp\/v2\/pages"}],"about":[{"href":"https:\/\/www.photoclubvelizy.fr\/pcvv\/wp-json\/wp\/v2\/types\/page"}],"author":[{"embeddable":true,"href":"https:\/\/www.photoclubvelizy.fr\/pcvv\/wp-json\/wp\/v2\/users\/1"}],"replies":[{"embeddable":true,"href":"https:\/\/www.photoclubvelizy.fr\/pcvv\/wp-json\/wp\/v2\/comments?post=102"}],"version-history":[{"count":1,"href":"https:\/\/www.photoclubvelizy.fr\/pcvv\/wp-json\/wp\/v2\/pages\/102\/revisions"}],"predecessor-version":[{"id":6087,"href":"https:\/\/www.photoclubvelizy.fr\/pcvv\/wp-json\/wp\/v2\/pages\/102\/revisions\/6087"}],"wp:attachment":[{"href":"https:\/\/www.photoclubvelizy.fr\/pcvv\/wp-json\/wp\/v2\/media?parent=102"}],"curies":[{"name":"wp","href":"https:\/\/api.w.org\/{rel}","templated":true}]}}