{"id":235,"date":"2019-11-19T15:57:08","date_gmt":"2019-11-19T14:57:08","guid":{"rendered":"http:\/\/http:\/\/www.photoclubvelizy.fr\/test\/?page_id=235"},"modified":"2023-03-11T17:50:05","modified_gmt":"2023-03-11T16:50:05","slug":"nos-locaux","status":"publish","type":"page","link":"https:\/\/www.photoclubvelizy.fr\/pcvv\/nos-locaux\/","title":{"rendered":"Nos locaux"},"content":{"rendered":"\t\t<div data-elementor-type=\"wp-page\" data-elementor-id=\"235\" class=\"elementor elementor-235\">\n\t\t\t\t\t\t<section class=\"elementor-section elementor-top-section elementor-element elementor-element-7892d573 elementor-section-boxed elementor-section-height-default elementor-section-height-default\" data-id=\"7892d573\" data-element_type=\"section\">\n\t\t\t\t\t\t<div class=\"elementor-container elementor-column-gap-default\">\n\t\t\t\t\t<div class=\"elementor-column elementor-col-100 elementor-top-column elementor-element elementor-element-754ede78\" data-id=\"754ede78\" data-element_type=\"column\">\n\t\t\t<div class=\"elementor-widget-wrap elementor-element-populated\">\n\t\t\t\t\t\t<div class=\"elementor-element elementor-element-6a52f6f elementor-widget elementor-widget-text-editor\" data-id=\"6a52f6f\" data-element_type=\"widget\" data-widget_type=\"text-editor.default\">\n\t\t\t\t<div class=\"elementor-widget-container\">\n\t\t\t\t\t\t\t\t\t\n<p class=\"has-vivid-cyan-blue-color has-text-color\">Salle de r\u00e9union Bizet (r\u00e9unions du lundi \u00e0 20h30)<\/p>\n<p class=\"has-vivid-cyan-blue-color has-text-color\">Labo argentique et studio du Photo Club<\/p>\n\n<p><span style=\"text-decoration: underline;\"><strong>Centre Maurice Ravel<\/strong><\/span> \u00a0 25 Avenue Louis Br\u00e9guet 78140 V\u00e9lizy-Villacoublay<\/p>\n\n<p><em><span class=\"has-inline-color has-vivid-purple-color\">Acc\u00e8s tramway T6 arr\u00eat &#8220;l&#8217;Onde&#8221;<\/span><\/em><\/p>\n\n<p class=\"has-vivid-cyan-blue-color has-text-color\">Salle de spectacles et d&#8217;exposition de l&#8217;Onde<\/p>\n\n<p>37 avenue Louis Br\u00e9guet (entree Rue Paulhan)<\/p>\n\n<p>\u00a0<\/p>\n\t\t\t\t\t\t\t\t<\/div>\n\t\t\t\t<\/div>\n\t\t\t\t\t<\/div>\n\t\t<\/div>\n\t\t\t\t\t<\/div>\n\t\t<\/section>\n\t\t\t\t<section class=\"elementor-section elementor-top-section elementor-element elementor-element-9504c11 elementor-section-boxed elementor-section-height-default elementor-section-height-default\" data-id=\"9504c11\" data-element_type=\"section\">\n\t\t\t\t\t\t<div class=\"elementor-container elementor-column-gap-default\">\n\t\t\t\t\t<div class=\"elementor-column elementor-col-100 elementor-top-column elementor-element elementor-element-096e390\" data-id=\"096e390\" data-element_type=\"column\">\n\t\t\t<div class=\"elementor-widget-wrap elementor-element-populated\">\n\t\t\t\t\t\t<div class=\"elementor-element elementor-element-7821f06 elementor-widget elementor-widget-google_maps\" data-id=\"7821f06\" data-element_type=\"widget\" data-widget_type=\"google_maps.default\">\n\t\t\t\t<div class=\"elementor-widget-container\">\n\t\t\t\t\t\t\t<div class=\"elementor-custom-embed\">\n\t\t\t<iframe loading=\"lazy\"\n\t\t\t\t\tsrc=\"https:\/\/maps.google.com\/maps?q=25%20Avenue%20Louis%20Br%C3%A9guet%2078140%20V%C3%A9lizy&#038;t=m&#038;z=17&#038;output=embed&#038;iwloc=near\"\n\t\t\t\t\ttitle=\"25 Avenue Louis Br\u00e9guet 78140 V\u00e9lizy\"\n\t\t\t\t\taria-label=\"25 Avenue Louis Br\u00e9guet 78140 V\u00e9lizy\"\n\t\t\t><\/iframe>\n\t\t<\/div>\n\t\t\t\t\t\t<\/div>\n\t\t\t\t<\/div>\n\t\t\t\t\t<\/div>\n\t\t<\/div>\n\t\t\t\t\t<\/div>\n\t\t<\/section>\n\t\t\t\t<\/div>\n\t\t","protected":false},"excerpt":{"rendered":"<p>Salle de r\u00e9union Bizet (r\u00e9unions du lundi \u00e0 20h30) Labo argentique et studio du Photo Club Centre Maurice Ravel \u00a0 25 Avenue Louis Br\u00e9guet 78140 V\u00e9lizy-Villacoublay Acc\u00e8s tramway T6 arr\u00eat [&hellip;]<\/p>\n","protected":false},"author":1,"featured_media":0,"parent":0,"menu_order":0,"comment_status":"closed","ping_status":"closed","template":"page-templates\/page_fullwidth.php","meta":{"footnotes":""},"class_list":["post-235","page","type-page","status-publish","hentry"],"yoast_head":"<!-- This site is optimized with the Yoast SEO plugin v27.3 - https:\/\/yoast.com\/product\/yoast-seo-wordpress\/ -->\n<title>Nos locaux - PHOTOCLUB DE VELIZY-VILLACOUBLAY<\/title>\n<meta name=\"robots\" content=\"index, follow, max-snippet:-1, max-image-preview:large, max-video-preview:-1\" \/>\n<link rel=\"canonical\" href=\"https:\/\/www.photoclubvelizy.fr\/pcvv\/nos-locaux\/\" \/>\n<meta property=\"og:locale\" content=\"fr_FR\" \/>\n<meta property=\"og:type\" content=\"article\" \/>\n<meta property=\"og:title\" content=\"Nos locaux - PHOTOCLUB DE VELIZY-VILLACOUBLAY\" \/>\n<meta property=\"og:description\" content=\"Salle de r\u00e9union Bizet (r\u00e9unions du lundi \u00e0 20h30) Labo argentique et studio du Photo Club Centre Maurice Ravel \u00a0 25 Avenue Louis Br\u00e9guet 78140 V\u00e9lizy-Villacoublay Acc\u00e8s tramway T6 arr\u00eat [&hellip;]\" \/>\n<meta property=\"og:url\" content=\"https:\/\/www.photoclubvelizy.fr\/pcvv\/nos-locaux\/\" \/>\n<meta property=\"og:site_name\" content=\"PHOTOCLUB DE VELIZY-VILLACOUBLAY\" \/>\n<meta property=\"article:modified_time\" content=\"2023-03-11T16:50:05+00:00\" \/>\n<meta name=\"twitter:card\" content=\"summary_large_image\" \/>\n<meta name=\"twitter:label1\" content=\"Dur\u00e9e de lecture estim\u00e9e\" \/>\n\t<meta name=\"twitter:data1\" content=\"1 minute\" \/>\n<script type=\"application\/ld+json\" class=\"yoast-schema-graph\">{\"@context\":\"https:\\\/\\\/schema.org\",\"@graph\":[{\"@type\":\"WebPage\",\"@id\":\"https:\\\/\\\/www.photoclubvelizy.fr\\\/pcvv\\\/nos-locaux\\\/\",\"url\":\"https:\\\/\\\/www.photoclubvelizy.fr\\\/pcvv\\\/nos-locaux\\\/\",\"name\":\"Nos locaux - PHOTOCLUB DE VELIZY-VILLACOUBLAY\",\"isPartOf\":{\"@id\":\"http:\\\/\\\/www.photoclubvelizy.fr\\\/pcvv\\\/#website\"},\"datePublished\":\"2019-11-19T14:57:08+00:00\",\"dateModified\":\"2023-03-11T16:50:05+00:00\",\"breadcrumb\":{\"@id\":\"https:\\\/\\\/www.photoclubvelizy.fr\\\/pcvv\\\/nos-locaux\\\/#breadcrumb\"},\"inLanguage\":\"fr-FR\",\"potentialAction\":[{\"@type\":\"ReadAction\",\"target\":[\"https:\\\/\\\/www.photoclubvelizy.fr\\\/pcvv\\\/nos-locaux\\\/\"]}]},{\"@type\":\"BreadcrumbList\",\"@id\":\"https:\\\/\\\/www.photoclubvelizy.fr\\\/pcvv\\\/nos-locaux\\\/#breadcrumb\",\"itemListElement\":[{\"@type\":\"ListItem\",\"position\":1,\"name\":\"Accueil\",\"item\":\"http:\\\/\\\/www.photoclubvelizy.fr\\\/pcvv\\\/\"},{\"@type\":\"ListItem\",\"position\":2,\"name\":\"Nos locaux\"}]},{\"@type\":\"WebSite\",\"@id\":\"http:\\\/\\\/www.photoclubvelizy.fr\\\/pcvv\\\/#website\",\"url\":\"http:\\\/\\\/www.photoclubvelizy.fr\\\/pcvv\\\/\",\"name\":\"PHOTOCLUB DE VELIZY-VILLACOUBLAY\",\"description\":\"Notre passion, l&#039;image !\",\"potentialAction\":[{\"@type\":\"SearchAction\",\"target\":{\"@type\":\"EntryPoint\",\"urlTemplate\":\"http:\\\/\\\/www.photoclubvelizy.fr\\\/pcvv\\\/?s={search_term_string}\"},\"query-input\":{\"@type\":\"PropertyValueSpecification\",\"valueRequired\":true,\"valueName\":\"search_term_string\"}}],\"inLanguage\":\"fr-FR\"}]}<\/script>\n<!-- \/ Yoast SEO plugin. -->","yoast_head_json":{"title":"Nos locaux - PHOTOCLUB DE VELIZY-VILLACOUBLAY","robots":{"index":"index","follow":"follow","max-snippet":"max-snippet:-1","max-image-preview":"max-image-preview:large","max-video-preview":"max-video-preview:-1"},"canonical":"https:\/\/www.photoclubvelizy.fr\/pcvv\/nos-locaux\/","og_locale":"fr_FR","og_type":"article","og_title":"Nos locaux - PHOTOCLUB DE VELIZY-VILLACOUBLAY","og_description":"Salle de r\u00e9union Bizet (r\u00e9unions du lundi \u00e0 20h30) Labo argentique et studio du Photo Club Centre Maurice Ravel \u00a0 25 Avenue Louis Br\u00e9guet 78140 V\u00e9lizy-Villacoublay Acc\u00e8s tramway T6 arr\u00eat [&hellip;]","og_url":"https:\/\/www.photoclubvelizy.fr\/pcvv\/nos-locaux\/","og_site_name":"PHOTOCLUB DE VELIZY-VILLACOUBLAY","article_modified_time":"2023-03-11T16:50:05+00:00","twitter_card":"summary_large_image","twitter_misc":{"Dur\u00e9e de lecture estim\u00e9e":"1 minute"},"schema":{"@context":"https:\/\/schema.org","@graph":[{"@type":"WebPage","@id":"https:\/\/www.photoclubvelizy.fr\/pcvv\/nos-locaux\/","url":"https:\/\/www.photoclubvelizy.fr\/pcvv\/nos-locaux\/","name":"Nos locaux - PHOTOCLUB DE VELIZY-VILLACOUBLAY","isPartOf":{"@id":"http:\/\/www.photoclubvelizy.fr\/pcvv\/#website"},"datePublished":"2019-11-19T14:57:08+00:00","dateModified":"2023-03-11T16:50:05+00:00","breadcrumb":{"@id":"https:\/\/www.photoclubvelizy.fr\/pcvv\/nos-locaux\/#breadcrumb"},"inLanguage":"fr-FR","potentialAction":[{"@type":"ReadAction","target":["https:\/\/www.photoclubvelizy.fr\/pcvv\/nos-locaux\/"]}]},{"@type":"BreadcrumbList","@id":"https:\/\/www.photoclubvelizy.fr\/pcvv\/nos-locaux\/#breadcrumb","itemListElement":[{"@type":"ListItem","position":1,"name":"Accueil","item":"http:\/\/www.photoclubvelizy.fr\/pcvv\/"},{"@type":"ListItem","position":2,"name":"Nos locaux"}]},{"@type":"WebSite","@id":"http:\/\/www.photoclubvelizy.fr\/pcvv\/#website","url":"http:\/\/www.photoclubvelizy.fr\/pcvv\/","name":"PHOTOCLUB DE VELIZY-VILLACOUBLAY","description":"Notre passion, l&#039;image !","potentialAction":[{"@type":"SearchAction","target":{"@type":"EntryPoint","urlTemplate":"http:\/\/www.photoclubvelizy.fr\/pcvv\/?s={search_term_string}"},"query-input":{"@type":"PropertyValueSpecification","valueRequired":true,"valueName":"search_term_string"}}],"inLanguage":"fr-FR"}]}},"_links":{"self":[{"href":"https:\/\/www.photoclubvelizy.fr\/pcvv\/wp-json\/wp\/v2\/pages\/235","targetHints":{"allow":["GET"]}}],"collection":[{"href":"https:\/\/www.photoclubvelizy.fr\/pcvv\/wp-json\/wp\/v2\/pages"}],"about":[{"href":"https:\/\/www.photoclubvelizy.fr\/pcvv\/wp-json\/wp\/v2\/types\/page"}],"author":[{"embeddable":true,"href":"https:\/\/www.photoclubvelizy.fr\/pcvv\/wp-json\/wp\/v2\/users\/1"}],"replies":[{"embeddable":true,"href":"https:\/\/www.photoclubvelizy.fr\/pcvv\/wp-json\/wp\/v2\/comments?post=235"}],"version-history":[{"count":15,"href":"https:\/\/www.photoclubvelizy.fr\/pcvv\/wp-json\/wp\/v2\/pages\/235\/revisions"}],"predecessor-version":[{"id":6202,"href":"https:\/\/www.photoclubvelizy.fr\/pcvv\/wp-json\/wp\/v2\/pages\/235\/revisions\/6202"}],"wp:attachment":[{"href":"https:\/\/www.photoclubvelizy.fr\/pcvv\/wp-json\/wp\/v2\/media?parent=235"}],"curies":[{"name":"wp","href":"https:\/\/api.w.org\/{rel}","templated":true}]}}